{"id":465,"date":"2026-03-01T20:50:00","date_gmt":"2026-03-01T19:50:00","guid":{"rendered":"https:\/\/finesolution.sk\/?page_id=465"},"modified":"2026-03-17T22:11:21","modified_gmt":"2026-03-17T21:11:21","slug":"quality-policy","status":"publish","type":"page","link":"https:\/\/finesolution.sk\/?page_id=465&lang=en","title":{"rendered":"Quality policy"},"content":{"rendered":"\n<pre class=\"wp-block-preformatted has-background-color has-text-color has-background has-manrope-font-family has-small-font-size\" style=\"border-style:none;border-width:0px;border-radius:0px;background-color:#0000009c;margin-top:0;margin-right:0;margin-bottom:0;margin-left:0;padding-top:0;padding-right:0;padding-bottom:0;padding-left:0\">The company FINE Solution sro focuses on performing engineering activities and consulting in the field of project planning, product design and processing of technical documentation, including CE certification - the so-called declaration of conformity.<br><br>The company's primary target market is companies in the automotive, logistics, mechanical engineering and food industries that need expert engineering solutions. The secondary market is small and medium-sized enterprises that are looking for innovative technologies and solutions to improve their competitiveness.<br><br>In accordance with the principles of sustainable development, the company has decided to make a commitment to create, document, implement, maintain, regularly review and thereby continuously improve a quality management system according to the international standard ISO 9001. We also undertake to:<br><br>    \u2022 through continuous education and training of employees, reduce the negative impacts of the processes carried out by the company on the quality of its services<br>     \u2022 to ensure lifelong learning opportunities for all employees<br>     \u2022 precise and clear definition of responsibilities and powers of all employees<br>     \u2022 to fulfill and comply with the requirements of relevant laws, regulations and standards. At the same time, to comply with legal and other requirements imposed on the quality of our services<br>     \u2022 adopt measurable goals aimed at improving the quality of the service provided <br>     \u2022 to effective communication throughout the company<br>     \u2022 o continuous development of infrastructure and use of information technologies in order to achieve the required quality and thus satisfy customer needs<br>     \u2022 o ensuring continuous improvement of the company in all areas of activity<br><br><br><br>In Trnave 08.12.2025\t\t\t\t\t   \t\t                                                                              <br>company manager                                                                                                                          Bc. Ivana Mari\u010d\u00e1kov\u00e1<br><\/pre>\n\n\n\n<div class=\"wp-block-group is-content-justification-right is-nowrap is-layout-flex wp-container-core-group-is-layout-17124a9a wp-block-group-is-layout-flex\">\n<figure class=\"wp-block-image size-medium\"><img loading=\"lazy\" decoding=\"async\" width=\"300\" height=\"152\" src=\"https:\/\/finesolution.sk\/wp-content\/uploads\/2026\/03\/Ivka-peciatka-300x152.jpg\" alt=\"\" class=\"wp-image-341\" srcset=\"https:\/\/finesolution.sk\/wp-content\/uploads\/2026\/03\/Ivka-peciatka-300x152.jpg 300w, https:\/\/finesolution.sk\/wp-content\/uploads\/2026\/03\/Ivka-peciatka.jpg 680w\" sizes=\"auto, (max-width: 300px) 100vw, 300px\" \/><\/figure>\n<\/div>\n\n\n\n<div style=\"height:100px\" aria-hidden=\"true\" class=\"wp-block-spacer\"><\/div>\n","protected":false},"excerpt":{"rendered":"<p>The company FINE Solution sro focuses on performing engineering activities and consulting in the field of project planning, product design and processing of technical documentation, including CE certification &#8211; the so-called declaration of conformity.The company&#8217;s primary target market is companies in the automotive, logistics, mechanical engineering and food industries that need expert engineering solutions. The [&hellip;]<\/p>\n","protected":false},"author":1,"featured_media":0,"parent":0,"menu_order":0,"comment_status":"closed","ping_status":"closed","template":"","meta":{"advgb_blocks_editor_width":"","advgb_blocks_columns_visual_guide":"","footnotes":""},"class_list":["post-465","page","type-page","status-publish","hentry"],"yoast_head":"<!-- This site is optimized with the Yoast SEO plugin v27.4 - https:\/\/yoast.com\/product\/yoast-seo-wordpress\/ -->\n<title>Quality policy - FINE Solution s.r.o.<\/title>\n<meta name=\"robots\" content=\"index, follow, max-snippet:-1, max-image-preview:large, max-video-preview:-1\" \/>\n<link rel=\"canonical\" href=\"https:\/\/finesolution.sk\/?page_id=465&lang=en\" \/>\n<meta property=\"og:locale\" content=\"sk_SK\" \/>\n<meta property=\"og:type\" content=\"article\" \/>\n<meta property=\"og:title\" content=\"Quality policy - FINE Solution s.r.o.\" \/>\n<meta property=\"og:description\" content=\"The company FINE Solution sro focuses on performing engineering activities and consulting in the field of project planning, product design and processing of technical documentation, including CE certification - the so-called declaration of conformity.The company&#039;s primary target market is companies in the automotive, logistics, mechanical engineering and food industries that need expert engineering solutions. The [&hellip;]\" \/>\n<meta property=\"og:url\" content=\"https:\/\/finesolution.sk\/?page_id=465&amp;lang=en\" \/>\n<meta property=\"og:site_name\" content=\"FINE Solution s.r.o.\" \/>\n<meta property=\"article:modified_time\" content=\"2026-03-17T21:11:21+00:00\" \/>\n<meta property=\"og:image\" content=\"https:\/\/finesolution.sk\/wp-content\/uploads\/2026\/03\/Ivka-peciatka.jpg\" \/>\n\t<meta property=\"og:image:width\" content=\"680\" \/>\n\t<meta property=\"og:image:height\" content=\"345\" \/>\n\t<meta property=\"og:image:type\" content=\"image\/jpeg\" \/>\n<meta name=\"twitter:card\" content=\"summary_large_image\" \/>\n<meta name=\"twitter:label1\" content=\"Predpokladan\u00fd \u010das \u010d\u00edtania\" \/>\n\t<meta name=\"twitter:data1\" content=\"1 min\u00fata\" \/>\n<script type=\"application\/ld+json\" class=\"yoast-schema-graph\">{\"@context\":\"https:\\\/\\\/schema.org\",\"@graph\":[{\"@type\":\"WebPage\",\"@id\":\"https:\\\/\\\/finesolution.sk\\\/?page_id=465&lang=en\",\"url\":\"https:\\\/\\\/finesolution.sk\\\/?page_id=465&lang=en\",\"name\":\"Quality policy - FINE Solution s.r.o.\",\"isPartOf\":{\"@id\":\"https:\\\/\\\/finesolution.sk\\\/#website\"},\"primaryImageOfPage\":{\"@id\":\"https:\\\/\\\/finesolution.sk\\\/?page_id=465&lang=en#primaryimage\"},\"image\":{\"@id\":\"https:\\\/\\\/finesolution.sk\\\/?page_id=465&lang=en#primaryimage\"},\"thumbnailUrl\":\"https:\\\/\\\/finesolution.sk\\\/wp-content\\\/uploads\\\/2026\\\/03\\\/Ivka-peciatka-300x152.jpg\",\"datePublished\":\"2026-03-01T19:50:00+00:00\",\"dateModified\":\"2026-03-17T21:11:21+00:00\",\"breadcrumb\":{\"@id\":\"https:\\\/\\\/finesolution.sk\\\/?page_id=465&lang=en#breadcrumb\"},\"inLanguage\":\"sk-SK\",\"potentialAction\":[{\"@type\":\"ReadAction\",\"target\":[\"https:\\\/\\\/finesolution.sk\\\/?page_id=465&lang=en\"]}]},{\"@type\":\"ImageObject\",\"inLanguage\":\"sk-SK\",\"@id\":\"https:\\\/\\\/finesolution.sk\\\/?page_id=465&lang=en#primaryimage\",\"url\":\"https:\\\/\\\/finesolution.sk\\\/wp-content\\\/uploads\\\/2026\\\/03\\\/Ivka-peciatka.jpg\",\"contentUrl\":\"https:\\\/\\\/finesolution.sk\\\/wp-content\\\/uploads\\\/2026\\\/03\\\/Ivka-peciatka.jpg\",\"width\":680,\"height\":345},{\"@type\":\"BreadcrumbList\",\"@id\":\"https:\\\/\\\/finesolution.sk\\\/?page_id=465&lang=en#breadcrumb\",\"itemListElement\":[{\"@type\":\"ListItem\",\"position\":1,\"name\":\"Home\",\"item\":\"https:\\\/\\\/finesolution.sk\\\/\"},{\"@type\":\"ListItem\",\"position\":2,\"name\":\"Quality policy\"}]},{\"@type\":\"WebSite\",\"@id\":\"https:\\\/\\\/finesolution.sk\\\/#website\",\"url\":\"https:\\\/\\\/finesolution.sk\\\/\",\"name\":\"FINE Solution s.r.o.\",\"description\":\"Po\u010fme spolu n\u00e1js\u0165 FINE rie\u0161enie\",\"publisher\":{\"@id\":\"https:\\\/\\\/finesolution.sk\\\/#organization\"},\"potentialAction\":[{\"@type\":\"SearchAction\",\"target\":{\"@type\":\"EntryPoint\",\"urlTemplate\":\"https:\\\/\\\/finesolution.sk\\\/?s={search_term_string}\"},\"query-input\":{\"@type\":\"PropertyValueSpecification\",\"valueRequired\":true,\"valueName\":\"search_term_string\"}}],\"inLanguage\":\"sk-SK\"},{\"@type\":\"Organization\",\"@id\":\"https:\\\/\\\/finesolution.sk\\\/#organization\",\"name\":\"FINE Solution s.r.o.\",\"url\":\"https:\\\/\\\/finesolution.sk\\\/\",\"logo\":{\"@type\":\"ImageObject\",\"inLanguage\":\"sk-SK\",\"@id\":\"https:\\\/\\\/finesolution.sk\\\/#\\\/schema\\\/logo\\\/image\\\/\",\"url\":\"https:\\\/\\\/finesolution.sk\\\/wp-content\\\/uploads\\\/2024\\\/10\\\/FINE_Solution_logo.png\",\"contentUrl\":\"https:\\\/\\\/finesolution.sk\\\/wp-content\\\/uploads\\\/2024\\\/10\\\/FINE_Solution_logo.png\",\"width\":1300,\"height\":500,\"caption\":\"FINE Solution s.r.o.\"},\"image\":{\"@id\":\"https:\\\/\\\/finesolution.sk\\\/#\\\/schema\\\/logo\\\/image\\\/\"}}]}<\/script>\n<!-- \/ Yoast SEO plugin. -->","yoast_head_json":{"title":"Quality policy - FINE Solution s.r.o.","robots":{"index":"index","follow":"follow","max-snippet":"max-snippet:-1","max-image-preview":"max-image-preview:large","max-video-preview":"max-video-preview:-1"},"canonical":"https:\/\/finesolution.sk\/?page_id=465&lang=en","og_locale":"sk_SK","og_type":"article","og_title":"Quality policy - FINE Solution s.r.o.","og_description":"The company FINE Solution sro focuses on performing engineering activities and consulting in the field of project planning, product design and processing of technical documentation, including CE certification - the so-called declaration of conformity.The company's primary target market is companies in the automotive, logistics, mechanical engineering and food industries that need expert engineering solutions. The [&hellip;]","og_url":"https:\/\/finesolution.sk\/?page_id=465&lang=en","og_site_name":"FINE Solution s.r.o.","article_modified_time":"2026-03-17T21:11:21+00:00","og_image":[{"width":680,"height":345,"url":"https:\/\/finesolution.sk\/wp-content\/uploads\/2026\/03\/Ivka-peciatka.jpg","type":"image\/jpeg"}],"twitter_card":"summary_large_image","twitter_misc":{"Predpokladan\u00fd \u010das \u010d\u00edtania":"1 min\u00fata"},"schema":{"@context":"https:\/\/schema.org","@graph":[{"@type":"WebPage","@id":"https:\/\/finesolution.sk\/?page_id=465&lang=en","url":"https:\/\/finesolution.sk\/?page_id=465&lang=en","name":"Quality policy - FINE Solution s.r.o.","isPartOf":{"@id":"https:\/\/finesolution.sk\/#website"},"primaryImageOfPage":{"@id":"https:\/\/finesolution.sk\/?page_id=465&lang=en#primaryimage"},"image":{"@id":"https:\/\/finesolution.sk\/?page_id=465&lang=en#primaryimage"},"thumbnailUrl":"https:\/\/finesolution.sk\/wp-content\/uploads\/2026\/03\/Ivka-peciatka-300x152.jpg","datePublished":"2026-03-01T19:50:00+00:00","dateModified":"2026-03-17T21:11:21+00:00","breadcrumb":{"@id":"https:\/\/finesolution.sk\/?page_id=465&lang=en#breadcrumb"},"inLanguage":"sk-SK","potentialAction":[{"@type":"ReadAction","target":["https:\/\/finesolution.sk\/?page_id=465&lang=en"]}]},{"@type":"ImageObject","inLanguage":"sk-SK","@id":"https:\/\/finesolution.sk\/?page_id=465&lang=en#primaryimage","url":"https:\/\/finesolution.sk\/wp-content\/uploads\/2026\/03\/Ivka-peciatka.jpg","contentUrl":"https:\/\/finesolution.sk\/wp-content\/uploads\/2026\/03\/Ivka-peciatka.jpg","width":680,"height":345},{"@type":"BreadcrumbList","@id":"https:\/\/finesolution.sk\/?page_id=465&lang=en#breadcrumb","itemListElement":[{"@type":"ListItem","position":1,"name":"Home","item":"https:\/\/finesolution.sk\/"},{"@type":"ListItem","position":2,"name":"Quality policy"}]},{"@type":"WebSite","@id":"https:\/\/finesolution.sk\/#website","url":"https:\/\/finesolution.sk\/","name":"FINE Solution s.r.o.","description":"Po\u010fme spolu n\u00e1js\u0165 FINE rie\u0161enie","publisher":{"@id":"https:\/\/finesolution.sk\/#organization"},"potentialAction":[{"@type":"SearchAction","target":{"@type":"EntryPoint","urlTemplate":"https:\/\/finesolution.sk\/?s={search_term_string}"},"query-input":{"@type":"PropertyValueSpecification","valueRequired":true,"valueName":"search_term_string"}}],"inLanguage":"sk-SK"},{"@type":"Organization","@id":"https:\/\/finesolution.sk\/#organization","name":"FINE Solution s.r.o.","url":"https:\/\/finesolution.sk\/","logo":{"@type":"ImageObject","inLanguage":"sk-SK","@id":"https:\/\/finesolution.sk\/#\/schema\/logo\/image\/","url":"https:\/\/finesolution.sk\/wp-content\/uploads\/2024\/10\/FINE_Solution_logo.png","contentUrl":"https:\/\/finesolution.sk\/wp-content\/uploads\/2024\/10\/FINE_Solution_logo.png","width":1300,"height":500,"caption":"FINE Solution s.r.o."},"image":{"@id":"https:\/\/finesolution.sk\/#\/schema\/logo\/image\/"}}]}},"coauthors":[],"author_meta":{"author_link":"https:\/\/finesolution.sk\/?author=1","display_name":"Fines"},"relative_dates":{"created":"Posted 2 mesiace ago","modified":"Updated 1 mesiac ago"},"absolute_dates":{"created":"Posted on 1. marca 2026","modified":"Updated on 17. marca 2026"},"absolute_dates_time":{"created":"Posted on 1. marca 2026 20:50","modified":"Updated on 17. marca 2026 22:11"},"featured_img_caption":"","featured_img":false,"series_order":"","_links":{"self":[{"href":"https:\/\/finesolution.sk\/index.php?rest_route=\/wp\/v2\/pages\/465","targetHints":{"allow":["GET"]}}],"collection":[{"href":"https:\/\/finesolution.sk\/index.php?rest_route=\/wp\/v2\/pages"}],"about":[{"href":"https:\/\/finesolution.sk\/index.php?rest_route=\/wp\/v2\/types\/page"}],"author":[{"embeddable":true,"href":"https:\/\/finesolution.sk\/index.php?rest_route=\/wp\/v2\/users\/1"}],"replies":[{"embeddable":true,"href":"https:\/\/finesolution.sk\/index.php?rest_route=%2Fwp%2Fv2%2Fcomments&post=465"}],"version-history":[{"count":2,"href":"https:\/\/finesolution.sk\/index.php?rest_route=\/wp\/v2\/pages\/465\/revisions"}],"predecessor-version":[{"id":469,"href":"https:\/\/finesolution.sk\/index.php?rest_route=\/wp\/v2\/pages\/465\/revisions\/469"}],"wp:attachment":[{"href":"https:\/\/finesolution.sk\/index.php?rest_route=%2Fwp%2Fv2%2Fmedia&parent=465"}],"curies":[{"name":"wp","href":"https:\/\/api.w.org\/{rel}","templated":true}]}}