{"id":477,"date":"2024-10-11T18:52:34","date_gmt":"2024-10-11T16:52:34","guid":{"rendered":"https:\/\/finesolution.sk\/?page_id=477"},"modified":"2026-03-17T22:28:09","modified_gmt":"2026-03-17T21:28:09","slug":"gdpr","status":"publish","type":"page","link":"https:\/\/finesolution.sk\/?page_id=477&lang=en","title":{"rendered":"GDPR"},"content":{"rendered":"\n<div class=\"wp-block-group has-background-color has-text-color has-background has-link-color has-small-font-size wp-elements-4232082d0a49c6a0b7ebf46392c94c55 has-global-padding is-content-justification-center is-layout-constrained wp-container-core-group-is-layout-5390cdcf wp-block-group-is-layout-constrained\" style=\"background-color:#0000009c;margin-top:0;margin-bottom:0;padding-top:20px;padding-right:20px;padding-bottom:20px;padding-left:20px\">\n<pre class=\"wp-block-preformatted has-manrope-font-family has-small-font-size\" style=\"font-style:normal;font-weight:400;line-height:1.2\">Principles of personal data processing and personal data protection system under the GDPR regulation developed in accordance with Regulation (EU) 2016\/679 of the European Parliament and of the Council on the protection of natural persons with regard to the processing of personal data and on the free movement of such data pursuant to Articles 13 and 14 of the Regulation (hereinafter referred to as the \"GDPR\") and Act No. 18\/2018 Coll. on the protection of personal data (hereinafter referred to as the \"Act on the Protection of Personal Data\") <br>Controller: <br><br>FINE Solution s.r.o.<br>Pod Vinohradmi 678\/50<br>919 24, Kri\u017eovany nad Dudv\u00e1hom<br><br>Company ID: 56567413<br>Tel. no.: +421 911 933 204<br>e-mail: info@finesolution.sk<br><br><strong><em>1. What is personal data? <\/em><\/strong><br><br>Personal data are data relating to an identified natural person, or an identifiable natural person who can be identified, directly or indirectly, in particular by reference to a commonly used identifier, another identifier such as a name, surname, identification number, location data, or an online identifier, or to one or more factors specific to his or her physical, physiological, genetic, psychological, mental, economic, cultural or social identity. <br><br><strong><em>2. What is the processing of personal data?<\/em><\/strong> <br><br>Processing of personal data is any operation or set of operations performed on personal data or sets of personal data, in particular collection, recording, organisation, structuring, storage, alteration, retrieval, consultation, use, disclosure by transmission, dissemination or otherwise making available, alignment or combination, restriction, erasure, whether or not by automated means. <br><br>The Controller is not obliged to appoint\/designate a Data Controller. <br><br><strong><em>3. Sources and categories of personal data <\/em><\/strong><br><br>The Controller processes personal data (directly from you) that you have provided to it or personal data that it has obtained in the course of fulfilling your order. <br><br>Your identification and contact details and data necessary for the performance of the contract. <br><br><strong><em>4. Legal basis and purpose of processing<\/em><\/strong> <br><br>The legal basis for processing is: <br><br>Your consent to the processing of personal data for the purposes of providing direct marketing pursuant to Article 6(1)(a) of the GDPR <br><br>Performance of the contract between you and the controller pursuant to Article 6(1)(b) of the GDPR <br><br>Processing is necessary to fulfill the controller's legal obligation pursuant to Article 6(1)(c) of the GDPR <br><br>The purpose of processing personal data is: <br><br>Processing your order and exercising the rights and obligations arising from the contractual relationship between you and the controller. When placing an order, personal data is required that is necessary for the successful processing of the order pursuant to Article 6(1)(b) of the Regulation (this also includes subsequent payment, delivery of the service, handling of complaints, etc.); the processing of the customer's personal data takes place without the customer's consent, as the legal basis for processing his or her personal data for the purposes of performing the contract is a specific order between the customer and the controller. Providing personal data is a necessary requirement for concluding and fulfilling an order, without providing personal data it is not possible to create an order or for the operator to fulfill its conditions. <br><br>Provision of an agreed service in the field of mechanical engineering. <br><br>The operator declares that it does not work with the records in any way and does not provide them to third parties or entities. <br><br><strong><em>5. Retention period <\/em><\/strong><br><br>The operator stores personal data: <br><br>For the period necessary to exercise the rights and obligations arising from the contractual relationship between you and the operator and to exercise the claim arising from these contractual relationships. <br><br>For the period until the consent to the processing of personal data for marketing purposes is revoked. <br><br>After the expiry of the retention period for personal data arising from Act No. 395\/2002 Coll. Act on Archives and Registries and on the Amendment of Certain Acts, the operator will delete the personal data. <br><br><strong><em>6. Recipients of personal data <\/em><\/strong><br><br>Who is the recipient? <br><br>The recipient is anyone to whom personal data is provided, regardless of whether they are a third party. A public authority that processes personal data on the basis of a special regulation is not considered a recipient. <br><br>They are persons who participate in the delivery of goods, services, or the execution of payments under a contract. <br><br>The operator does not provide, publish, or make personal data available to third countries.<br><br><br><strong><em>7. Conditions for securing personal data <\/em><\/strong><br><br>The operator declares that it has taken appropriate personnel, technical and organizational measures to ensure the protection of personal data. <br><br>The operator has taken technical measures to secure data repositories and personal data repositories in file form. <br><br>The operator declares that only persons authorized by it have access to personal data. <br><br>Your rights: <br><br>Under the conditions set out in the GDPR, you have: <br><br>- The right to access your personal data pursuant to Art. 15 GDPR - The right to rectify personal data pursuant to Art. 16 GDPR - The right to restrict processing - The right to erasure pursuant to Art. 17 GDPR - The right to object pursuant to Art. 21 GDPR - The right to transfer personal data pursuant to Art. 21 GDPR - The right to withdraw consent (electronically or to a correspondence address) - The right to file a complaint with the Personal Data Protection Authority if you believe that your rights to the protection of personal data have been violated. <br><br>You also have the right to file a complaint with the Personal Data Protection Authority if you believe that your personal data protection rights have been violated. <br><br>How can you exercise your rights? <br><br>Right to access data <br><br>You have the right to know whether we are processing your personal data. If we are processing them, you can ask us for access to them. Based on your request, we will issue a confirmation with information about the processing of your personal data. You can submit your request electronically, to the email address info@finesolution.sk , or by post to the address FINE Solution sro, Pod Vinohradmi 678\/50, 919 24, Kri\u017eovany nad Dudv\u00e1hom <br><br>Right to rectification <br><br>You have the right to have your personal data that we process correct, complete and up-to-date. If your personal data is incorrect or out of date, you can ask us to correct or supplement it electronically to the email address info@finesolution.sk , or by post to the correspondence address FINE Solution sro, Pod vinohradmi 678\/5, 919 24, Kri\u017eovany nad Dudv\u00e1hom <br><br>Right to erasure <br><br>Under certain circumstances, you have the right to have your personal data erased. You can ask us to erase your data at any time. We will erase your personal data if: <br><br>- we no longer need your personal data for the purpose for which you provided them to us, <br>- you withdraw your consent, - you object to the processing of your personal data, - we process your personal data unlawfully, - the personal data must be erased in order to comply with a legal obligation, - if you are a child or the parent of a child who has consented to the processing of personal data via the Internet. <br><br>8 Right to restriction of processing <br><br>You can ask us to restrict the processing of your personal data. If we comply with your request, we will only store your personal data and will not process them further. The processing of your data will be restricted if: <br><br>- you inform us that your personal data is incorrect, until we have verified their accuracy, - we are processing your personal data unlawfully, but you do not agree to their deletion and instead request that we restrict the processing of your personal data, - we no longer need your data, but you need it to establish, exercise or defend your rights, - you object to the processing of your personal data, until we have verified whether our legitimate interests outweigh your reasons. <br><br><strong><em>9. Right to data portability<\/em><\/strong> <br><br>You have the right to request that we provide you with your personal data in an electronic form (e.g. an XML or CSV file), which allows you to easily transfer the data to another company. You can also ask us to transfer your personal data directly to a selected company. We will comply with your request if you have provided us with your personal data directly and have given us your consent to process it. <br><br><strong><em>10. Right to object<\/em><\/strong> <br><br>You have the right to object to us processing your personal data. If we process your personal data in the following cases: <br><br>- for our legitimate interest, - to create a customer profile, - you may object to their processing if you have personal reasons for doing so. <br><br><strong><em>11. How can you exercise these rights? <\/em><\/strong><br><br>You can contact us with your request in one of the following ways: <br><br>by email: <strong>info@finesolution.sk<\/strong> , or by post to the business address: <br>                                    <br>FINE Solution s.r.o.<br>Pod Vinohradmi 678\/50<br>919 24, Kri\u017eovany nad Dudv\u00e1hom<br><br>If you believe that your rights to personal data protection have been violated, you have the right to file a complaint with the supervisory authority, which is the Office for Personal Data Protection at:<br><br>Hrani\u010dn\u00e1 12<br>820 07 Bratislava 27<br>Slovensk\u00e1 republika<br><br>Identification data: <br><br>Company ID: 36064220<br>Tax ID: 2021685985<br><br>Secretariat of the Office<br>+421 \/2 3231 3214<br>E-mail: <a href=\"mailto:statny.dozor@pdp.gov.sk\">statny.dozor@pdp.gov.sk<\/a><\/pre>\n<\/div>\n\n\n\n<div style=\"height:100px\" aria-hidden=\"true\" class=\"wp-block-spacer\"><\/div>\n","protected":false},"excerpt":{"rendered":"<p>Principles of personal data processing and personal data protection system under the GDPR regulation developed in accordance with Regulation (EU) 2016\/679 of the European Parliament and of the Council on the protection of natural persons with regard to the processing of personal data and on the free movement of such data pursuant to Articles 13 [&hellip;]<\/p>\n","protected":false},"author":1,"featured_media":0,"parent":0,"menu_order":0,"comment_status":"closed","ping_status":"closed","template":"","meta":{"advgb_blocks_editor_width":"","advgb_blocks_columns_visual_guide":"","footnotes":""},"class_list":["post-477","page","type-page","status-publish","hentry"],"yoast_head":"<!-- This site is optimized with the Yoast SEO plugin v27.4 - https:\/\/yoast.com\/product\/yoast-seo-wordpress\/ -->\n<title>GDPR - FINE Solution s.r.o.<\/title>\n<meta name=\"robots\" content=\"index, follow, max-snippet:-1, max-image-preview:large, max-video-preview:-1\" \/>\n<link rel=\"canonical\" href=\"https:\/\/finesolution.sk\/?page_id=477&lang=en\" \/>\n<meta property=\"og:locale\" content=\"sk_SK\" \/>\n<meta property=\"og:type\" content=\"article\" \/>\n<meta property=\"og:title\" content=\"GDPR - FINE Solution s.r.o.\" \/>\n<meta property=\"og:description\" content=\"Principles of personal data processing and personal data protection system under the GDPR regulation developed in accordance with Regulation (EU) 2016\/679 of the European Parliament and of the Council on the protection of natural persons with regard to the processing of personal data and on the free movement of such data pursuant to Articles 13 [&hellip;]\" \/>\n<meta property=\"og:url\" content=\"https:\/\/finesolution.sk\/?page_id=477&amp;lang=en\" \/>\n<meta property=\"og:site_name\" content=\"FINE Solution s.r.o.\" \/>\n<meta property=\"article:modified_time\" content=\"2026-03-17T21:28:09+00:00\" \/>\n<meta name=\"twitter:card\" content=\"summary_large_image\" \/>\n<script type=\"application\/ld+json\" class=\"yoast-schema-graph\">{\"@context\":\"https:\\\/\\\/schema.org\",\"@graph\":[{\"@type\":\"WebPage\",\"@id\":\"https:\\\/\\\/finesolution.sk\\\/?page_id=477&lang=en\",\"url\":\"https:\\\/\\\/finesolution.sk\\\/?page_id=477&lang=en\",\"name\":\"GDPR - FINE Solution s.r.o.\",\"isPartOf\":{\"@id\":\"https:\\\/\\\/finesolution.sk\\\/#website\"},\"datePublished\":\"2024-10-11T16:52:34+00:00\",\"dateModified\":\"2026-03-17T21:28:09+00:00\",\"breadcrumb\":{\"@id\":\"https:\\\/\\\/finesolution.sk\\\/?page_id=477&lang=en#breadcrumb\"},\"inLanguage\":\"sk-SK\",\"potentialAction\":[{\"@type\":\"ReadAction\",\"target\":[\"https:\\\/\\\/finesolution.sk\\\/?page_id=477&lang=en\"]}]},{\"@type\":\"BreadcrumbList\",\"@id\":\"https:\\\/\\\/finesolution.sk\\\/?page_id=477&lang=en#breadcrumb\",\"itemListElement\":[{\"@type\":\"ListItem\",\"position\":1,\"name\":\"Home\",\"item\":\"https:\\\/\\\/finesolution.sk\\\/\"},{\"@type\":\"ListItem\",\"position\":2,\"name\":\"GDPR\"}]},{\"@type\":\"WebSite\",\"@id\":\"https:\\\/\\\/finesolution.sk\\\/#website\",\"url\":\"https:\\\/\\\/finesolution.sk\\\/\",\"name\":\"FINE Solution s.r.o.\",\"description\":\"Po\u010fme spolu n\u00e1js\u0165 FINE rie\u0161enie\",\"publisher\":{\"@id\":\"https:\\\/\\\/finesolution.sk\\\/#organization\"},\"potentialAction\":[{\"@type\":\"SearchAction\",\"target\":{\"@type\":\"EntryPoint\",\"urlTemplate\":\"https:\\\/\\\/finesolution.sk\\\/?s={search_term_string}\"},\"query-input\":{\"@type\":\"PropertyValueSpecification\",\"valueRequired\":true,\"valueName\":\"search_term_string\"}}],\"inLanguage\":\"sk-SK\"},{\"@type\":\"Organization\",\"@id\":\"https:\\\/\\\/finesolution.sk\\\/#organization\",\"name\":\"FINE Solution s.r.o.\",\"url\":\"https:\\\/\\\/finesolution.sk\\\/\",\"logo\":{\"@type\":\"ImageObject\",\"inLanguage\":\"sk-SK\",\"@id\":\"https:\\\/\\\/finesolution.sk\\\/#\\\/schema\\\/logo\\\/image\\\/\",\"url\":\"https:\\\/\\\/finesolution.sk\\\/wp-content\\\/uploads\\\/2024\\\/10\\\/FINE_Solution_logo.png\",\"contentUrl\":\"https:\\\/\\\/finesolution.sk\\\/wp-content\\\/uploads\\\/2024\\\/10\\\/FINE_Solution_logo.png\",\"width\":1300,\"height\":500,\"caption\":\"FINE Solution s.r.o.\"},\"image\":{\"@id\":\"https:\\\/\\\/finesolution.sk\\\/#\\\/schema\\\/logo\\\/image\\\/\"}}]}<\/script>\n<!-- \/ Yoast SEO plugin. -->","yoast_head_json":{"title":"GDPR - FINE Solution s.r.o.","robots":{"index":"index","follow":"follow","max-snippet":"max-snippet:-1","max-image-preview":"max-image-preview:large","max-video-preview":"max-video-preview:-1"},"canonical":"https:\/\/finesolution.sk\/?page_id=477&lang=en","og_locale":"sk_SK","og_type":"article","og_title":"GDPR - FINE Solution s.r.o.","og_description":"Principles of personal data processing and personal data protection system under the GDPR regulation developed in accordance with Regulation (EU) 2016\/679 of the European Parliament and of the Council on the protection of natural persons with regard to the processing of personal data and on the free movement of such data pursuant to Articles 13 [&hellip;]","og_url":"https:\/\/finesolution.sk\/?page_id=477&lang=en","og_site_name":"FINE Solution s.r.o.","article_modified_time":"2026-03-17T21:28:09+00:00","twitter_card":"summary_large_image","schema":{"@context":"https:\/\/schema.org","@graph":[{"@type":"WebPage","@id":"https:\/\/finesolution.sk\/?page_id=477&lang=en","url":"https:\/\/finesolution.sk\/?page_id=477&lang=en","name":"GDPR - FINE Solution s.r.o.","isPartOf":{"@id":"https:\/\/finesolution.sk\/#website"},"datePublished":"2024-10-11T16:52:34+00:00","dateModified":"2026-03-17T21:28:09+00:00","breadcrumb":{"@id":"https:\/\/finesolution.sk\/?page_id=477&lang=en#breadcrumb"},"inLanguage":"sk-SK","potentialAction":[{"@type":"ReadAction","target":["https:\/\/finesolution.sk\/?page_id=477&lang=en"]}]},{"@type":"BreadcrumbList","@id":"https:\/\/finesolution.sk\/?page_id=477&lang=en#breadcrumb","itemListElement":[{"@type":"ListItem","position":1,"name":"Home","item":"https:\/\/finesolution.sk\/"},{"@type":"ListItem","position":2,"name":"GDPR"}]},{"@type":"WebSite","@id":"https:\/\/finesolution.sk\/#website","url":"https:\/\/finesolution.sk\/","name":"FINE Solution s.r.o.","description":"Po\u010fme spolu n\u00e1js\u0165 FINE rie\u0161enie","publisher":{"@id":"https:\/\/finesolution.sk\/#organization"},"potentialAction":[{"@type":"SearchAction","target":{"@type":"EntryPoint","urlTemplate":"https:\/\/finesolution.sk\/?s={search_term_string}"},"query-input":{"@type":"PropertyValueSpecification","valueRequired":true,"valueName":"search_term_string"}}],"inLanguage":"sk-SK"},{"@type":"Organization","@id":"https:\/\/finesolution.sk\/#organization","name":"FINE Solution s.r.o.","url":"https:\/\/finesolution.sk\/","logo":{"@type":"ImageObject","inLanguage":"sk-SK","@id":"https:\/\/finesolution.sk\/#\/schema\/logo\/image\/","url":"https:\/\/finesolution.sk\/wp-content\/uploads\/2024\/10\/FINE_Solution_logo.png","contentUrl":"https:\/\/finesolution.sk\/wp-content\/uploads\/2024\/10\/FINE_Solution_logo.png","width":1300,"height":500,"caption":"FINE Solution s.r.o."},"image":{"@id":"https:\/\/finesolution.sk\/#\/schema\/logo\/image\/"}}]}},"coauthors":[],"author_meta":{"author_link":"https:\/\/finesolution.sk\/?author=1","display_name":"Fines"},"relative_dates":{"created":"Posted 2 roky ago","modified":"Updated 1 mesiac ago"},"absolute_dates":{"created":"Posted on 11. okt\u00f3bra 2024","modified":"Updated on 17. marca 2026"},"absolute_dates_time":{"created":"Posted on 11. okt\u00f3bra 2024 18:52","modified":"Updated on 17. marca 2026 22:28"},"featured_img_caption":"","featured_img":false,"series_order":"","_links":{"self":[{"href":"https:\/\/finesolution.sk\/index.php?rest_route=\/wp\/v2\/pages\/477","targetHints":{"allow":["GET"]}}],"collection":[{"href":"https:\/\/finesolution.sk\/index.php?rest_route=\/wp\/v2\/pages"}],"about":[{"href":"https:\/\/finesolution.sk\/index.php?rest_route=\/wp\/v2\/types\/page"}],"author":[{"embeddable":true,"href":"https:\/\/finesolution.sk\/index.php?rest_route=\/wp\/v2\/users\/1"}],"replies":[{"embeddable":true,"href":"https:\/\/finesolution.sk\/index.php?rest_route=%2Fwp%2Fv2%2Fcomments&post=477"}],"version-history":[{"count":3,"href":"https:\/\/finesolution.sk\/index.php?rest_route=\/wp\/v2\/pages\/477\/revisions"}],"predecessor-version":[{"id":482,"href":"https:\/\/finesolution.sk\/index.php?rest_route=\/wp\/v2\/pages\/477\/revisions\/482"}],"wp:attachment":[{"href":"https:\/\/finesolution.sk\/index.php?rest_route=%2Fwp%2Fv2%2Fmedia&parent=477"}],"curies":[{"name":"wp","href":"https:\/\/api.w.org\/{rel}","templated":true}]}}